{"id":17252,"date":"2023-03-17T22:38:07","date_gmt":"2023-03-17T22:38:07","guid":{"rendered":"https:\/\/chocangels.fr\/?post_type=product&#038;p=17252"},"modified":"2025-01-23T12:50:20","modified_gmt":"2025-01-23T12:50:20","slug":"tablette-chocolat-du-pays","status":"publish","type":"product","link":"https:\/\/chocangels.fr\/index.php\/product\/tablette-chocolat-du-pays\/","title":{"rendered":"tablette chocolat du pays"},"content":{"rendered":"<p>je vous pr\u00e9sente la tablette chocolat de la confr\u00e9rie des chocolatiers catalans<\/p>\n<p>uniquement chez tous les adh\u00e9rents de la confr\u00e9rie<\/p>\n<p>en chocolat noir \u00a075 %\u00a0 de cacao d&#8217;origine<\/p>\n<p>packaging coffret cadeau souvenir<\/p>\n<p>poids de la tablette : 100 g<\/p>\n<p>chocolat fabriqu\u00e9 par la chocolaterie Torres \u00e0 Prades :<\/p>\n<p>&nbsp;<\/p>\n<p>&nbsp;<\/p>\n","protected":false},"excerpt":{"rendered":"<p>je vous pr\u00e9sente la tablette chocolat de la confr\u00e9rie des chocolatiers catalans uniquement chez tous les adh\u00e9rents de la confr\u00e9rie en chocolat noir \u00a075 %\u00a0 de cacao d&#8217;origine packaging coffret cadeau souvenir poids de la tablette : 100 g chocolat fabriqu\u00e9 par la chocolaterie Torres \u00e0 Prades : &nbsp; &nbsp;<\/p>\n","protected":false},"featured_media":17257,"comment_status":"open","ping_status":"closed","template":"","meta":[],"product_cat":[107],"product_tag":[],"_links":{"self":[{"href":"https:\/\/chocangels.fr\/index.php\/wp-json\/wp\/v2\/product\/17252"}],"collection":[{"href":"https:\/\/chocangels.fr\/index.php\/wp-json\/wp\/v2\/product"}],"about":[{"href":"https:\/\/chocangels.fr\/index.php\/wp-json\/wp\/v2\/types\/product"}],"replies":[{"embeddable":true,"href":"https:\/\/chocangels.fr\/index.php\/wp-json\/wp\/v2\/comments?post=17252"}],"version-history":[{"count":5,"href":"https:\/\/chocangels.fr\/index.php\/wp-json\/wp\/v2\/product\/17252\/revisions"}],"predecessor-version":[{"id":17835,"href":"https:\/\/chocangels.fr\/index.php\/wp-json\/wp\/v2\/product\/17252\/revisions\/17835"}],"wp:featuredmedia":[{"embeddable":true,"href":"https:\/\/chocangels.fr\/index.php\/wp-json\/wp\/v2\/media\/17257"}],"wp:attachment":[{"href":"https:\/\/chocangels.fr\/index.php\/wp-json\/wp\/v2\/media?parent=17252"}],"wp:term":[{"taxonomy":"product_cat","embeddable":true,"href":"https:\/\/chocangels.fr\/index.php\/wp-json\/wp\/v2\/product_cat?post=17252"},{"taxonomy":"product_tag","embeddable":true,"href":"https:\/\/chocangels.fr\/index.php\/wp-json\/wp\/v2\/product_tag?post=17252"}],"curies":[{"name":"wp","href":"https:\/\/api.w.org\/{rel}","templated":true}]}}