{"id":12599,"date":"2022-06-17T18:22:52","date_gmt":"2022-06-17T18:22:52","guid":{"rendered":"https:\/\/chocangels.fr\/?post_type=product&#038;p=12599"},"modified":"2023-11-15T19:30:55","modified_gmt":"2023-11-15T19:30:55","slug":"pate-tartiner","status":"publish","type":"product","link":"https:\/\/chocangels.fr\/index.php\/product\/pate-tartiner\/","title":{"rendered":"pate tartiner"},"content":{"rendered":"<p>d\u00e9licieuse pate\u00a0 \u00e0 tartiner sans huile de palme<\/p>\n<p>poids net : 200 g<\/p>\n<p>Kcal total: 1788 (589Kcal\/100 g)<\/p>\n<p>Kjoule total: 8126 (2709Kjoule \/100g)<\/p>\n<p>nombre ingr\u00e9dients: 5<\/p>\n<p>colorant: 0<\/p>\n<p>liste des allerg\u00e8nes: fruits \u00e0 coques , lait , soja<\/p>\n<p>composition: noisette grill\u00e9es (34%), sucre glace (28%), chocolat lait 38% de cacao (24%), huile de p\u00e9pin de raisins (14%), l\u00e9cithine de soja(1%)<\/p>\n<p>\u00e0 conserver \u00e0 Temp\u00e9rature ambiante 19\u00b0C , il est possible que la mati\u00e8re grasse se d\u00e9cante en surface si la temp\u00e9rature est trop chaude , veuillez m\u00e9langer le contenue du pot et le r\u00e9server au r\u00e9frig\u00e9rateur si la temp\u00e9rature est trop chaude<\/p>\n<p>DDM : 1 an<\/p>\n<p>&nbsp;<\/p>\n","protected":false},"excerpt":{"rendered":"<p>d\u00e9licieuse pate\u00a0 \u00e0 tartiner sans huile de palme poids net : 200 g Kcal total: 1788 (589Kcal\/100 g) Kjoule total: 8126 (2709Kjoule \/100g) nombre ingr\u00e9dients: 5 colorant: 0 liste des allerg\u00e8nes: fruits \u00e0 coques , lait , soja composition: noisette grill\u00e9es (34%), sucre glace (28%), chocolat lait 38% de cacao (24%), huile de p\u00e9pin de [&hellip;]<\/p>\n","protected":false},"featured_media":12600,"comment_status":"open","ping_status":"closed","template":"","meta":[],"product_cat":[103],"product_tag":[],"_links":{"self":[{"href":"https:\/\/chocangels.fr\/index.php\/wp-json\/wp\/v2\/product\/12599"}],"collection":[{"href":"https:\/\/chocangels.fr\/index.php\/wp-json\/wp\/v2\/product"}],"about":[{"href":"https:\/\/chocangels.fr\/index.php\/wp-json\/wp\/v2\/types\/product"}],"replies":[{"embeddable":true,"href":"https:\/\/chocangels.fr\/index.php\/wp-json\/wp\/v2\/comments?post=12599"}],"version-history":[{"count":5,"href":"https:\/\/chocangels.fr\/index.php\/wp-json\/wp\/v2\/product\/12599\/revisions"}],"predecessor-version":[{"id":20173,"href":"https:\/\/chocangels.fr\/index.php\/wp-json\/wp\/v2\/product\/12599\/revisions\/20173"}],"wp:featuredmedia":[{"embeddable":true,"href":"https:\/\/chocangels.fr\/index.php\/wp-json\/wp\/v2\/media\/12600"}],"wp:attachment":[{"href":"https:\/\/chocangels.fr\/index.php\/wp-json\/wp\/v2\/media?parent=12599"}],"wp:term":[{"taxonomy":"product_cat","embeddable":true,"href":"https:\/\/chocangels.fr\/index.php\/wp-json\/wp\/v2\/product_cat?post=12599"},{"taxonomy":"product_tag","embeddable":true,"href":"https:\/\/chocangels.fr\/index.php\/wp-json\/wp\/v2\/product_tag?post=12599"}],"curies":[{"name":"wp","href":"https:\/\/api.w.org\/{rel}","templated":true}]}}